{"id":6,"date":"2022-05-30T09:45:12","date_gmt":"2022-05-30T07:45:12","guid":{"rendered":"https:\/\/troisiemecolline.org\/?page_id=6"},"modified":"2024-11-29T15:03:50","modified_gmt":"2024-11-29T14:03:50","slug":"a-propos-de","status":"publish","type":"page","link":"https:\/\/troisiemecolline.org\/index.php\/a-propos-de\/","title":{"rendered":"Le lieu"},"content":{"rendered":"\n<div class=\"wp-block-columns is-layout-flex wp-container-core-columns-is-layout-9d6595d7 wp-block-columns-is-layout-flex\">\n<div class=\"wp-block-column is-layout-flow wp-block-column-is-layout-flow\" style=\"--col-width:100%;flex-basis:100%\"><\/div>\n<\/div>\n\n\n\n<figure class=\"wp-block-gallery alignfull has-nested-images columns-default is-cropped wp-block-gallery-1 is-layout-flex wp-block-gallery-is-layout-flex\">\n<figure class=\"wp-block-image size-large\"><img loading=\"lazy\" decoding=\"async\" width=\"1024\" height=\"724\" data-id=\"681\" src=\"https:\/\/troisiemecolline.org\/wp-content\/uploads\/2024\/03\/illustration_ou_est_troisiemeCOLLINE_2024_03_15_demoreuille3-1024x724.jpg\" alt=\"\" class=\"wp-image-681\" srcset=\"https:\/\/troisiemecolline.org\/wp-content\/uploads\/2024\/03\/illustration_ou_est_troisiemeCOLLINE_2024_03_15_demoreuille3-1024x724.jpg 1024w, https:\/\/troisiemecolline.org\/wp-content\/uploads\/2024\/03\/illustration_ou_est_troisiemeCOLLINE_2024_03_15_demoreuille3-300x212.jpg 300w, https:\/\/troisiemecolline.org\/wp-content\/uploads\/2024\/03\/illustration_ou_est_troisiemeCOLLINE_2024_03_15_demoreuille3-768x543.jpg 768w, https:\/\/troisiemecolline.org\/wp-content\/uploads\/2024\/03\/illustration_ou_est_troisiemeCOLLINE_2024_03_15_demoreuille3-1536x1086.jpg 1536w, https:\/\/troisiemecolline.org\/wp-content\/uploads\/2024\/03\/illustration_ou_est_troisiemeCOLLINE_2024_03_15_demoreuille3-2048x1448.jpg 2048w, https:\/\/troisiemecolline.org\/wp-content\/uploads\/2024\/03\/illustration_ou_est_troisiemeCOLLINE_2024_03_15_demoreuille3-1568x1109.jpg 1568w\" sizes=\"auto, (max-width: 1024px) 100vw, 1024px\" \/><\/figure>\n<\/figure>\n\n\n\n<p class=\"tw-text-wide\">troisi\u00e8meCOLLINE (association loi 1901) est install\u00e9e dans un espace de travail partag\u00e9. Ses membres partagent la gestion et l\u2019organisation de ce lieu ainsi que la cr\u00e9ation de lien avec le quartier.<\/p>\n\n\n\n<p class=\"tw-text-wide\">Les espaces ont diff\u00e9rentes surfaces et sont en occupation permanente ou temporaire (3 mois minimum), au sein de l&#8217;immeuble \u00ab&nbsp;LYON-OUEST \u00bb situ\u00e9 dans le quartier de la Duch\u00e8re (secteur du Ch\u00e2teau). Le projet est destin\u00e9 en priorit\u00e9 \u00e0 des acteurs culturels &#8211; artistes, plasticien.ne.s, graphistes, architectes, etc.. &#8211;&nbsp; en restant ouvert \u00e0 des associations, structures de l\u2019ESS ou jeunes entreprises.<\/p>\n\n\n\n<p><\/p>\n","protected":false},"excerpt":{"rendered":"<p>troisi\u00e8meCOLLINE (association loi 1901) est install\u00e9e dans un espace de travail partag\u00e9. Ses membres partagent la gestion et l\u2019organisation de ce lieu ainsi que la cr\u00e9ation de lien avec le quartier. Les espaces ont diff\u00e9rentes surfaces et sont en occupation permanente ou temporaire (3 mois minimum), au sein de l&#8217;immeuble \u00ab&nbsp;LYON-OUEST \u00bb situ\u00e9 dans le&hellip; <a class=\"more-link\" href=\"https:\/\/troisiemecolline.org\/index.php\/a-propos-de\/\">Continue reading <span class=\"screen-reader-text\">Le lieu<\/span><\/a><\/p>\n","protected":false},"author":1,"featured_media":0,"parent":0,"menu_order":0,"comment_status":"closed","ping_status":"closed","template":"","meta":{"footnotes":""},"class_list":["post-6","page","type-page","status-publish","hentry","entry"],"_links":{"self":[{"href":"https:\/\/troisiemecolline.org\/index.php\/wp-json\/wp\/v2\/pages\/6","targetHints":{"allow":["GET"]}}],"collection":[{"href":"https:\/\/troisiemecolline.org\/index.php\/wp-json\/wp\/v2\/pages"}],"about":[{"href":"https:\/\/troisiemecolline.org\/index.php\/wp-json\/wp\/v2\/types\/page"}],"author":[{"embeddable":true,"href":"https:\/\/troisiemecolline.org\/index.php\/wp-json\/wp\/v2\/users\/1"}],"replies":[{"embeddable":true,"href":"https:\/\/troisiemecolline.org\/index.php\/wp-json\/wp\/v2\/comments?post=6"}],"version-history":[{"count":7,"href":"https:\/\/troisiemecolline.org\/index.php\/wp-json\/wp\/v2\/pages\/6\/revisions"}],"predecessor-version":[{"id":754,"href":"https:\/\/troisiemecolline.org\/index.php\/wp-json\/wp\/v2\/pages\/6\/revisions\/754"}],"wp:attachment":[{"href":"https:\/\/troisiemecolline.org\/index.php\/wp-json\/wp\/v2\/media?parent=6"}],"curies":[{"name":"wp","href":"https:\/\/api.w.org\/{rel}","templated":true}]}}

<div class="wp-block-columns is-layout-flex wp-container-core-columns-is-layout-9d6595d7 wp-block-columns-is-layout-flex">
<div class="wp-block-column is-layout-flow wp-block-column-is-layout-flow" style="--col-width:100%;flex-basis:100%"></div>
</div>



<figure class="wp-block-gallery alignfull has-nested-images columns-default is-cropped wp-block-gallery-1 is-layout-flex wp-block-gallery-is-layout-flex">
<figure class="wp-block-image size-large"><img loading="lazy" decoding="async" width="1024" height="724" data-id="681" src="https://troisiemecolline.org/wp-content/uploads/2024/03/illustration_ou_est_troisiemeCOLLINE_2024_03_15_demoreuille3-1024x724.jpg" alt="" class="wp-image-681" srcset="https://troisiemecolline.org/wp-content/uploads/2024/03/illustration_ou_est_troisiemeCOLLINE_2024_03_15_demoreuille3-1024x724.jpg 1024w, https://troisiemecolline.org/wp-content/uploads/2024/03/illustration_ou_est_troisiemeCOLLINE_2024_03_15_demoreuille3-300x212.jpg 300w, https://troisiemecolline.org/wp-content/uploads/2024/03/illustration_ou_est_troisiemeCOLLINE_2024_03_15_demoreuille3-768x543.jpg 768w, https://troisiemecolline.org/wp-content/uploads/2024/03/illustration_ou_est_troisiemeCOLLINE_2024_03_15_demoreuille3-1536x1086.jpg 1536w, https://troisiemecolline.org/wp-content/uploads/2024/03/illustration_ou_est_troisiemeCOLLINE_2024_03_15_demoreuille3-2048x1448.jpg 2048w, https://troisiemecolline.org/wp-content/uploads/2024/03/illustration_ou_est_troisiemeCOLLINE_2024_03_15_demoreuille3-1568x1109.jpg 1568w" sizes="auto, (max-width: 1024px) 100vw, 1024px" /></figure>
</figure>



<p class="tw-text-wide">troisièmeCOLLINE (association loi 1901) est installée dans un espace de travail partagé. Ses membres partagent la gestion et l’organisation de ce lieu ainsi que la création de lien avec le quartier.</p>



<p class="tw-text-wide">Les espaces ont différentes surfaces et sont en occupation permanente ou temporaire (3 mois minimum), au sein de l&#8217;immeuble «&nbsp;LYON-OUEST » situé dans le quartier de la Duchère (secteur du Château). Le projet est destiné en priorité à des acteurs culturels &#8211; artistes, plasticien.ne.s, graphistes, architectes, etc.. &#8211;&nbsp; en restant ouvert à des associations, structures de l’ESS ou jeunes entreprises.</p>



<p></p>

<p>troisièmeCOLLINE (association loi 1901) est installée dans un espace de travail partagé. Ses membres partagent la gestion et l’organisation de ce lieu ainsi que la création de lien avec le quartier. Les espaces ont différentes surfaces et sont en occupation permanente ou temporaire (3 mois minimum), au sein de l&#8217;immeuble «&nbsp;LYON-OUEST » situé dans le&hellip; <a class="more-link" href="https://troisiemecolline.org/index.php/a-propos-de/">Continue reading <span class="screen-reader-text">Le lieu</span></a></p>
