{"id":2,"date":"2022-05-27T11:11:32","date_gmt":"2022-05-27T09:11:32","guid":{"rendered":"http:\/\/troisiemecolline.org\/?page_id=2"},"modified":"2024-11-29T15:02:33","modified_gmt":"2024-11-29T14:02:33","slug":"page-d-exemple","status":"publish","type":"page","link":"https:\/\/troisiemecolline.org\/index.php\/page-d-exemple\/","title":{"rendered":"Les membres"},"content":{"rendered":"\n<p class=\"tw-text-wide\">Nous sommes des professionnels du monde de la culture, du social et de la sant\u00e9. Nous partageons un espace de travail et croisons nos comp\u00e9tences dans des projets collectifs.<\/p>\n\n\n\n<p>Alimentation \u00e9clair\u00e9e<br>\/ Coline Girerd<br>Di\u00e9t\u00e9ticienne<br><a href=\"https:\/\/www.alimentation-eclairee.fr\/\" data-type=\"URL\" data-id=\"https:\/\/www.alimentation-eclairee.fr\/\" target=\"_blank\" rel=\"noreferrer noopener\">alimentation-eclairee.fr\/<\/a><\/p>\n\n\n\n<p>arcencielfrance<br>Association de l\u2019ESS<br><a href=\"https:\/\/www.arcenciel.org\/fr\/\" data-type=\"URL\" data-id=\"https:\/\/www.arcenciel.org\/fr\/\" target=\"_blank\" rel=\"noreferrer noopener\">arcenciel.org\/fr<\/a><\/p>\n\n\n\n<p>\u00a1hopl\u00e0!architecture<br>\/ Claudia JERIA CACERES<br>Architecte<br><a href=\"https:\/\/hopla.archi\/\" data-type=\"URL\" data-id=\"https:\/\/hopla.archi\/\" target=\"_blank\" rel=\"noreferrer noopener\">hopla.archi<\/a><\/p>\n\n\n\n<p>\/ Maureen Colomar<br>Artiste et illustratrice<br><a rel=\"noreferrer noopener\" href=\"https:\/\/maureen-colomar.com\/\" target=\"_blank\">maureen-colomar.com<\/a><\/p>\n\n\n\n<p>\/ Claire-Lise PANCHAUD<br>Artiste plasticienne<br><a href=\"http:\/\/clairelisepanchaud.com\/\" data-type=\"URL\" data-id=\"http:\/\/clairelisepanchaud.com\/\" target=\"_blank\" rel=\"noreferrer noopener\">clairelisepanchaud.com<\/a><\/p>\n\n\n\n<p>\/ By Cl\u00e9o<br>Consulting design cr\u00e9atif et de formation, illustratrice, facilitatrice graphique<br>hello@bycleo.net<\/p>\n\n\n\n<p>\/ Morgane DEMOREUILLE<br>Artiste plasticienne<br><a href=\"https:\/\/morganedemoreuille.com\/\" data-type=\"URL\" data-id=\"https:\/\/morganedemoreuille.com\/\" target=\"_blank\" rel=\"noreferrer noopener\">morganedemoreuille.com<\/a><\/p>\n\n\n\n<p>g\u00e8m communication<br>\/ Edwige GANDON<br>Graphiste<br><a rel=\"noreferrer noopener\" href=\"https:\/\/www.gemcom.fr\/\" data-type=\"URL\" data-id=\"https:\/\/www.gemcom.fr\/\" target=\"_blank\">gemcom.fr<\/a><\/p>\n\n\n\n<p>\/ Anthony Tran<br>D\u00e9veloppeur web <br><a href=\"https:\/\/www.anthonytran.fr\/\" data-type=\"link\" data-id=\"https:\/\/www.anthonytran.fr\/\">anthonytran.fr<\/a><\/p>\n\n\n\n<p><\/p>\n\n\n\n<p>Sont pass\u00e9s par l\u00e0 :<\/p>\n\n\n\n<p>\/ Cl\u00e9mentine MAY<br>Artiste plasticienne<br><a href=\"https:\/\/clementinemay.fr\/\" data-type=\"URL\" data-id=\"https:\/\/clementinemay.fr\/\" target=\"_blank\" rel=\"noreferrer noopener\">clementinemay.fr<\/a><\/p>\n\n\n\n<p>\/ Juliette Cortes<br>Graphiste<br><a href=\"https:\/\/juliettecortes.com\/\" target=\"_blank\" rel=\"noreferrer noopener\">https:\/\/juliettecortes.com\/<\/a><\/p>\n\n\n\n<p>\/ Claire Perret<br>Charg\u00e9e de mission, enseignante de Yoga<\/p>\n\n\n\n<p>\/ Maxime Delhomme<br>Artiste plasticien<br><a href=\"https:\/\/www.maximedelhomme.com\/\">https:\/\/www.maximedelhomme.com\/<\/a><\/p>\n\n\n\n<p>\/ St\u00e9phane Dubail <br>Architecte hmonp<br>https:\/\/www.stephanedubail.fr\/<\/p>\n\n\n\n<p>\/ Zo\u00e9 Benoit <br>Artiste plasticienne<br>https:\/\/www.zoebenoit.com\/<\/p>\n","protected":false},"excerpt":{"rendered":"<p>Nous sommes des professionnels du monde de la culture, du social et de la sant\u00e9. Nous partageons un espace de travail et croisons nos comp\u00e9tences dans des projets collectifs. Alimentation \u00e9clair\u00e9e\/ Coline GirerdDi\u00e9t\u00e9ticiennealimentation-eclairee.fr\/ arcencielfranceAssociation de l\u2019ESSarcenciel.org\/fr \u00a1hopl\u00e0!architecture\/ Claudia JERIA CACERESArchitectehopla.archi \/ Maureen ColomarArtiste et illustratricemaureen-colomar.com \/ Claire-Lise PANCHAUDArtiste plasticienneclairelisepanchaud.com \/ By Cl\u00e9oConsulting design cr\u00e9atif et&hellip; <a class=\"more-link\" href=\"https:\/\/troisiemecolline.org\/index.php\/page-d-exemple\/\">Continue reading <span class=\"screen-reader-text\">Les membres<\/span><\/a><\/p>\n","protected":false},"author":1,"featured_media":0,"parent":0,"menu_order":0,"comment_status":"closed","ping_status":"open","template":"","meta":{"footnotes":""},"class_list":["post-2","page","type-page","status-publish","hentry","entry"],"_links":{"self":[{"href":"https:\/\/troisiemecolline.org\/index.php\/wp-json\/wp\/v2\/pages\/2","targetHints":{"allow":["GET"]}}],"collection":[{"href":"https:\/\/troisiemecolline.org\/index.php\/wp-json\/wp\/v2\/pages"}],"about":[{"href":"https:\/\/troisiemecolline.org\/index.php\/wp-json\/wp\/v2\/types\/page"}],"author":[{"embeddable":true,"href":"https:\/\/troisiemecolline.org\/index.php\/wp-json\/wp\/v2\/users\/1"}],"replies":[{"embeddable":true,"href":"https:\/\/troisiemecolline.org\/index.php\/wp-json\/wp\/v2\/comments?post=2"}],"version-history":[{"count":14,"href":"https:\/\/troisiemecolline.org\/index.php\/wp-json\/wp\/v2\/pages\/2\/revisions"}],"predecessor-version":[{"id":753,"href":"https:\/\/troisiemecolline.org\/index.php\/wp-json\/wp\/v2\/pages\/2\/revisions\/753"}],"wp:attachment":[{"href":"https:\/\/troisiemecolline.org\/index.php\/wp-json\/wp\/v2\/media?parent=2"}],"curies":[{"name":"wp","href":"https:\/\/api.w.org\/{rel}","templated":true}]}}